{"id":2372,"date":"2017-09-25T15:44:17","date_gmt":"2017-09-25T14:44:17","guid":{"rendered":"http:\/\/www.tennisclubsaintpriest.fr\/tcsp\/?page_id=2372"},"modified":"2017-09-26T10:57:16","modified_gmt":"2017-09-26T09:57:16","slug":"enfance","status":"publish","type":"page","link":"https:\/\/www.tennisclubsaintpriest.fr\/tcsp\/les-bons-plans-partenaires\/enfance\/","title":{"rendered":"Enfance"},"content":{"rendered":"<table style=\"width: 815px;\" cellspacing=\"0\" cellpadding=\"10\">\n<tbody>\n<tr>\n<td style=\"width: 206px;\"><span style=\"font-size: 18pt;\">Royal Kids -Chassieu<br \/>\n<\/span><\/td>\n<td style=\"width: 293px;\"><div class=\"su-quote su-quote-style-default\"><div class=\"su-quote-inner su-u-clearfix su-u-trim\">Jeux pour enfants.<\/div><\/div><\/td>\n<td style=\"width: 316px;\"><\/td>\n<\/tr>\n<tr>\n<td style=\"width: 206px;\"><a href=\"https:\/\/www.tennisclubsaintpriest.fr\/tcsp\/wp-content\/uploads\/2017\/09\/royal_kids_logo.png\"><img decoding=\"async\" class=\"aligncenter wp-image-2323 size-full\" src=\"https:\/\/www.tennisclubsaintpriest.fr\/tcsp\/wp-content\/uploads\/2017\/09\/royal_kids_logo.png\" alt=\"\" \/><\/a><\/td>\n<td style=\"width: 609px;\" colspan=\"2\">Avec ses toboggans, piscines \u00e0 balles, ponts de singes, terrain de foot, luges\u2026 Royal kids est un ch\u00e2teau plein de couleurs et de jeux incroyables pour les enfants ! Un espace est aussi r\u00e9serv\u00e9 aux parents et accompagnateurs.<\/td>\n<\/tr>\n<tr>\n<td style=\"width: 815px;\" colspan=\"3\">Royal Kids Chassieu<br \/>\n<span class=\"_Xbe\">54 avenue du Progr\u00e8s<\/span><br \/>\n69680 CHASSIEU<br \/>\n<span class=\"_Xbe _ZWk kno-fv\"><span data-dtype=\"d3ph\">04.37.25.92.37<\/span><\/span><br \/>\n<a href=\"https:\/\/www.royalkids.fr\/parcs\/lyon_chassieu\/\">https:\/\/www.royalkids.fr\/parcs\/lyon_chassieu<\/a><\/td>\n<\/tr>\n<\/tbody>\n<\/table>\n<p>&nbsp;<\/p>\n","protected":false},"excerpt":{"rendered":"<p>Royal Kids -Chassieu Avec ses toboggans, piscines \u00e0 balles, ponts de singes, terrain de foot, luges\u2026 Royal kids est un ch\u00e2teau plein de couleurs et de jeux incroyables pour les enfants ! Un espace est aussi r\u00e9serv\u00e9 aux parents et accompagnateurs. Royal Kids Chassieu 54 avenue du Progr\u00e8s 69680 CHASSIEU 04.37.25.92.37 https:\/\/www.royalkids.fr\/parcs\/lyon_chassieu &nbsp;<\/p>\n","protected":false},"author":1,"featured_media":0,"parent":2117,"menu_order":0,"comment_status":"closed","ping_status":"closed","template":"template.page.fullwidth.sponsors.php","meta":{"footnotes":""},"class_list":["post-2372","page","type-page","status-publish","hentry"],"acf":[],"_links":{"self":[{"href":"https:\/\/www.tennisclubsaintpriest.fr\/tcsp\/wp-json\/wp\/v2\/pages\/2372","targetHints":{"allow":["GET"]}}],"collection":[{"href":"https:\/\/www.tennisclubsaintpriest.fr\/tcsp\/wp-json\/wp\/v2\/pages"}],"about":[{"href":"https:\/\/www.tennisclubsaintpriest.fr\/tcsp\/wp-json\/wp\/v2\/types\/page"}],"author":[{"embeddable":true,"href":"https:\/\/www.tennisclubsaintpriest.fr\/tcsp\/wp-json\/wp\/v2\/users\/1"}],"replies":[{"embeddable":true,"href":"https:\/\/www.tennisclubsaintpriest.fr\/tcsp\/wp-json\/wp\/v2\/comments?post=2372"}],"version-history":[{"count":4,"href":"https:\/\/www.tennisclubsaintpriest.fr\/tcsp\/wp-json\/wp\/v2\/pages\/2372\/revisions"}],"predecessor-version":[{"id":2381,"href":"https:\/\/www.tennisclubsaintpriest.fr\/tcsp\/wp-json\/wp\/v2\/pages\/2372\/revisions\/2381"}],"up":[{"embeddable":true,"href":"https:\/\/www.tennisclubsaintpriest.fr\/tcsp\/wp-json\/wp\/v2\/pages\/2117"}],"wp:attachment":[{"href":"https:\/\/www.tennisclubsaintpriest.fr\/tcsp\/wp-json\/wp\/v2\/media?parent=2372"}],"curies":[{"name":"wp","href":"https:\/\/api.w.org\/{rel}","templated":true}]}}