{"id":253,"date":"2015-07-20T08:04:45","date_gmt":"2015-07-20T07:04:45","guid":{"rendered":"http:\/\/88.168.60.109\/tcsp\/?page_id=253"},"modified":"2019-01-17T15:11:42","modified_gmt":"2019-01-17T14:11:42","slug":"les-entraineurs-et-assitants","status":"publish","type":"page","link":"https:\/\/www.tennisclubsaintpriest.fr\/tcsp\/le-club\/les-entraineurs-et-assitants\/","title":{"rendered":"Equipe technique"},"content":{"rendered":"<p><div class=\"su-spacer\" style=\"height:10px\"><\/div>Les Tennis Club de Saint-Priest d\u00e9ploie sa force d&rsquo;enseignement pour petits et grands. Pour les \u00e9l\u00e8ves de 4 \u00e0 99 ans nos enseignants dipl\u00f4m\u00e9s d&rsquo;\u00e9tat assurent l&rsquo;encadrement des cours dispens\u00e9s au club.<\/p>\n<p>Vous pourrez retrouver, dans le page <a href=\"https:\/\/www.tennisclubsaintpriest.fr\/tcsp\/le-club\/les-tarifs\/\">\u00ab\u00a0Les tarifs\u00a0\u00bb<\/a>, la formule qui vous conviens le mieux.<br \/>\nLes cours adultes sont toujours encadr\u00e9s par un moniteur dipl\u00f4m\u00e9 d&rsquo;\u00e9tat\u00a0(parfois d&rsquo;un moniteur en cours de formation)<\/p>\n<p>Directeur sportif :<\/p>\n<div class=\"ots-team-view\" id=\"\" data-id=\"ots-69f06e76e86ee\">\r\n<div id=\"sc_our_team\" class=\"grid_circles2 sc-col5\">\r\n\r\n    <div class=\"clear\"><\/div>\r\n\r\n    \r\n        \r\n                \r\n            <div itemscope itemtype=\"http:\/\/schema.org\/Person\" \r\n                 class=\"sc_team_member\" \r\n                 data-id=\"241\"\r\n                data-group=\"Direction sportive\">\r\n\r\n                <div class=\"sc_team_member_inner\">\r\n\r\n                    <img loading=\"lazy\" decoding=\"async\" width=\"240\" height=\"300\" src=\"https:\/\/www.tennisclubsaintpriest.fr\/tcsp\/wp-content\/uploads\/2015\/07\/bernard.jpg\" class=\"attachment-large size-large wp-post-image\" alt=\"\" \/>\r\n                    \r\n                        <div itemprop=\"name\" class=\"sc_team_member_name\">\r\n\r\n                            \r\n                                <a href=\"https:\/\/www.tennisclubsaintpriest.fr\/tcsp\/team_member\/bernard-boyer\/\" rel=\"bookmark\" class=\"team_member_link\">\r\n\r\n                                    Bernard Boyer\r\n                                <\/a>\r\n\r\n                            \r\n                        <\/div>\r\n\r\n                    \r\n                    \r\n                        <div itemprop=\"jobtitle\" class=\"sc_team_member_jobtitle\">\r\n                            <span>Directeur sportif BE2 dg<\/span>\r\n                        <\/div>\r\n\r\n                    \r\n                    <div class=\"icons \">\r\n                                            <\/div>\r\n\r\n                    <div class=\"sc_team_member_overlay\"><\/div>\r\n\r\n                <\/div>\r\n\r\n            <\/div>\r\n\r\n            \r\n        \r\n    \r\n    <div class=\"clear\"><\/div>\r\n\r\n<\/div>\r\n<\/div>\n<div class=\"su-spacer\" style=\"height:20px\"><\/div>\n<p>Adjoints :<\/p>\n<div class=\"ots-team-view\" id=\"\" data-id=\"ots-69f06e76e9bd8\">\r\n<div id=\"sc_our_team\" class=\"grid_circles2 sc-col5\">\r\n\r\n    <div class=\"clear\"><\/div>\r\n\r\n    \r\n        \r\n                \r\n            <div itemscope itemtype=\"http:\/\/schema.org\/Person\" \r\n                 class=\"sc_team_member\" \r\n                 data-id=\"263\"\r\n                data-group=\"Les Moniteurs\">\r\n\r\n                <div class=\"sc_team_member_inner\">\r\n\r\n                    <img loading=\"lazy\" decoding=\"async\" width=\"400\" height=\"400\" src=\"https:\/\/www.tennisclubsaintpriest.fr\/tcsp\/wp-content\/uploads\/2015\/07\/Alex_400_400.png\" class=\"attachment-large size-large wp-post-image\" alt=\"\" srcset=\"https:\/\/www.tennisclubsaintpriest.fr\/tcsp\/wp-content\/uploads\/2015\/07\/Alex_400_400.png 400w, https:\/\/www.tennisclubsaintpriest.fr\/tcsp\/wp-content\/uploads\/2015\/07\/Alex_400_400-150x150.png 150w, https:\/\/www.tennisclubsaintpriest.fr\/tcsp\/wp-content\/uploads\/2015\/07\/Alex_400_400-300x300.png 300w, https:\/\/www.tennisclubsaintpriest.fr\/tcsp\/wp-content\/uploads\/2015\/07\/Alex_400_400-100x100.png 100w, https:\/\/www.tennisclubsaintpriest.fr\/tcsp\/wp-content\/uploads\/2015\/07\/Alex_400_400-170x170.png 170w\" sizes=\"auto, (max-width: 400px) 100vw, 400px\" \/>\r\n                    \r\n                        <div itemprop=\"name\" class=\"sc_team_member_name\">\r\n\r\n                            \r\n                                <a href=\"https:\/\/www.tennisclubsaintpriest.fr\/tcsp\/team_member\/03_alexandre-ruscica-new\/\" rel=\"bookmark\" class=\"team_member_link\">\r\n\r\n                                    Alexandre Ruscica\r\n                                <\/a>\r\n\r\n                            \r\n                        <\/div>\r\n\r\n                    \r\n                    \r\n                        <div itemprop=\"jobtitle\" class=\"sc_team_member_jobtitle\">\r\n                            <span>Entra\u00eeneur DE 1dg<\/span>\r\n                        <\/div>\r\n\r\n                    \r\n                    <div class=\"icons \">\r\n                                            <\/div>\r\n\r\n                    <div class=\"sc_team_member_overlay\"><\/div>\r\n\r\n                <\/div>\r\n\r\n            <\/div>\r\n\r\n            \r\n        \r\n                \r\n            <div itemscope itemtype=\"http:\/\/schema.org\/Person\" \r\n                 class=\"sc_team_member\" \r\n                 data-id=\"306\"\r\n                data-group=\"Les Moniteurs\">\r\n\r\n                <div class=\"sc_team_member_inner\">\r\n\r\n                    <img loading=\"lazy\" decoding=\"async\" width=\"400\" height=\"400\" src=\"https:\/\/www.tennisclubsaintpriest.fr\/tcsp\/wp-content\/uploads\/2015\/07\/marie_400_400.png\" class=\"attachment-large size-large wp-post-image\" alt=\"\" srcset=\"https:\/\/www.tennisclubsaintpriest.fr\/tcsp\/wp-content\/uploads\/2015\/07\/marie_400_400.png 400w, https:\/\/www.tennisclubsaintpriest.fr\/tcsp\/wp-content\/uploads\/2015\/07\/marie_400_400-150x150.png 150w, https:\/\/www.tennisclubsaintpriest.fr\/tcsp\/wp-content\/uploads\/2015\/07\/marie_400_400-300x300.png 300w, https:\/\/www.tennisclubsaintpriest.fr\/tcsp\/wp-content\/uploads\/2015\/07\/marie_400_400-100x100.png 100w, https:\/\/www.tennisclubsaintpriest.fr\/tcsp\/wp-content\/uploads\/2015\/07\/marie_400_400-170x170.png 170w\" sizes=\"auto, (max-width: 400px) 100vw, 400px\" \/>\r\n                    \r\n                        <div itemprop=\"name\" class=\"sc_team_member_name\">\r\n\r\n                            \r\n                                <a href=\"https:\/\/www.tennisclubsaintpriest.fr\/tcsp\/team_member\/04_marie-garranas\/\" rel=\"bookmark\" class=\"team_member_link\">\r\n\r\n                                    Marie Garranas\r\n                                <\/a>\r\n\r\n                            \r\n                        <\/div>\r\n\r\n                    \r\n                    \r\n                        <div itemprop=\"jobtitle\" class=\"sc_team_member_jobtitle\">\r\n                            <span>Entra\u00eeneur DE 1dg<\/span>\r\n                        <\/div>\r\n\r\n                    \r\n                    <div class=\"icons \">\r\n                                            <\/div>\r\n\r\n                    <div class=\"sc_team_member_overlay\"><\/div>\r\n\r\n                <\/div>\r\n\r\n            <\/div>\r\n\r\n            \r\n        \r\n    \r\n    <div class=\"clear\"><\/div>\r\n\r\n<\/div>\r\n<\/div>\n<div class=\"su-spacer\" style=\"height:20px\"><\/div>\n<p style=\"text-align: left;\">Pour l&rsquo;\u00e9cole de tennis, afin d&rsquo;assurer des petits groupes d&rsquo;enfants, les\u00a0moniteurs dipl\u00f4m\u00e9s d&rsquo;\u00e9tat encadrent les initiateurs\u00a0qui se chargent de partager et d\u2019enseigner \u00e0 vos enfants les r\u00e8gles de l&rsquo;art au travers d&rsquo;ateliers divers et vari\u00e9s mis en place par le moniteur. Nos initiateurs\u00a0sont une aide indispensable\u00a0pour vos enfants afin de maintenir une qualit\u00e9 d&rsquo;enseignement optimum. Vous les verrez aussi souvent pr\u00e9sents, lors des animations\u00a0diverses au club, pour animer les atelier mis en place.<\/p>\n<p style=\"text-align: left;\"><div class=\"ots-team-view\" id=\"\" data-id=\"ots-69f06e76eb3cd\">\r\n<div id=\"sc_our_team\" class=\"grid_circles2 sc-col5\">\r\n\r\n    <div class=\"clear\"><\/div>\r\n\r\n    \r\n        \r\n                \r\n            <div itemscope itemtype=\"http:\/\/schema.org\/Person\" \r\n                 class=\"sc_team_member\" \r\n                 data-id=\"340\"\r\n                data-group=\"Assitants moniteur\">\r\n\r\n                <div class=\"sc_team_member_inner\">\r\n\r\n                    <img decoding=\"async\" src=\"https:\/\/www.tennisclubsaintpriest.fr\/tcsp\/wp-content\/plugins\/our-team-enhanced\/assets\/images\/default-avatar.png\" class=\"attachment-medium wp-post-image\" width=\"\" height=\"\" \/>\r\n                    \r\n                        <div itemprop=\"name\" class=\"sc_team_member_name\">\r\n\r\n                            \r\n                                <a href=\"https:\/\/www.tennisclubsaintpriest.fr\/tcsp\/team_member\/karim-karim\/\" rel=\"bookmark\" class=\"team_member_link\">\r\n\r\n                                    Karim Karim\r\n                                <\/a>\r\n\r\n                            \r\n                        <\/div>\r\n\r\n                    \r\n                    \r\n                        <div itemprop=\"jobtitle\" class=\"sc_team_member_jobtitle\">\r\n                            <span>Initiateur<\/span>\r\n                        <\/div>\r\n\r\n                    \r\n                    <div class=\"icons \">\r\n                                            <\/div>\r\n\r\n                    <div class=\"sc_team_member_overlay\"><\/div>\r\n\r\n                <\/div>\r\n\r\n            <\/div>\r\n\r\n            \r\n        \r\n                \r\n            <div itemscope itemtype=\"http:\/\/schema.org\/Person\" \r\n                 class=\"sc_team_member\" \r\n                 data-id=\"267\"\r\n                data-group=\"Assitants moniteur\">\r\n\r\n                <div class=\"sc_team_member_inner\">\r\n\r\n                    <img loading=\"lazy\" decoding=\"async\" width=\"400\" height=\"400\" src=\"https:\/\/www.tennisclubsaintpriest.fr\/tcsp\/wp-content\/uploads\/2015\/07\/yann_tamet_400.png\" class=\"attachment-large size-large wp-post-image\" alt=\"\" srcset=\"https:\/\/www.tennisclubsaintpriest.fr\/tcsp\/wp-content\/uploads\/2015\/07\/yann_tamet_400.png 400w, https:\/\/www.tennisclubsaintpriest.fr\/tcsp\/wp-content\/uploads\/2015\/07\/yann_tamet_400-150x150.png 150w, https:\/\/www.tennisclubsaintpriest.fr\/tcsp\/wp-content\/uploads\/2015\/07\/yann_tamet_400-300x300.png 300w, https:\/\/www.tennisclubsaintpriest.fr\/tcsp\/wp-content\/uploads\/2015\/07\/yann_tamet_400-100x100.png 100w, https:\/\/www.tennisclubsaintpriest.fr\/tcsp\/wp-content\/uploads\/2015\/07\/yann_tamet_400-170x170.png 170w\" sizes=\"auto, (max-width: 400px) 100vw, 400px\" \/>\r\n                    \r\n                        <div itemprop=\"name\" class=\"sc_team_member_name\">\r\n\r\n                            \r\n                                <a href=\"https:\/\/www.tennisclubsaintpriest.fr\/tcsp\/team_member\/yann-tamet\/\" rel=\"bookmark\" class=\"team_member_link\">\r\n\r\n                                    Yann Tamet\r\n                                <\/a>\r\n\r\n                            \r\n                        <\/div>\r\n\r\n                    \r\n                    \r\n                        <div itemprop=\"jobtitle\" class=\"sc_team_member_jobtitle\">\r\n                            <span>Initiateur<\/span>\r\n                        <\/div>\r\n\r\n                    \r\n                    <div class=\"icons \">\r\n                                            <\/div>\r\n\r\n                    <div class=\"sc_team_member_overlay\"><\/div>\r\n\r\n                <\/div>\r\n\r\n            <\/div>\r\n\r\n            \r\n        \r\n                \r\n            <div itemscope itemtype=\"http:\/\/schema.org\/Person\" \r\n                 class=\"sc_team_member\" \r\n                 data-id=\"270\"\r\n                data-group=\"Assitants moniteur\">\r\n\r\n                <div class=\"sc_team_member_inner\">\r\n\r\n                    <img loading=\"lazy\" decoding=\"async\" width=\"400\" height=\"400\" src=\"https:\/\/www.tennisclubsaintpriest.fr\/tcsp\/wp-content\/uploads\/2015\/07\/romain_valverde_400.png\" class=\"attachment-large size-large wp-post-image\" alt=\"\" srcset=\"https:\/\/www.tennisclubsaintpriest.fr\/tcsp\/wp-content\/uploads\/2015\/07\/romain_valverde_400.png 400w, https:\/\/www.tennisclubsaintpriest.fr\/tcsp\/wp-content\/uploads\/2015\/07\/romain_valverde_400-150x150.png 150w, https:\/\/www.tennisclubsaintpriest.fr\/tcsp\/wp-content\/uploads\/2015\/07\/romain_valverde_400-300x300.png 300w, https:\/\/www.tennisclubsaintpriest.fr\/tcsp\/wp-content\/uploads\/2015\/07\/romain_valverde_400-100x100.png 100w, https:\/\/www.tennisclubsaintpriest.fr\/tcsp\/wp-content\/uploads\/2015\/07\/romain_valverde_400-170x170.png 170w\" sizes=\"auto, (max-width: 400px) 100vw, 400px\" \/>\r\n                    \r\n                        <div itemprop=\"name\" class=\"sc_team_member_name\">\r\n\r\n                            \r\n                                <a href=\"https:\/\/www.tennisclubsaintpriest.fr\/tcsp\/team_member\/romain-valverde\/\" rel=\"bookmark\" class=\"team_member_link\">\r\n\r\n                                    Romain Valverde\r\n                                <\/a>\r\n\r\n                            \r\n                        <\/div>\r\n\r\n                    \r\n                    \r\n                        <div itemprop=\"jobtitle\" class=\"sc_team_member_jobtitle\">\r\n                            <span>Initiateur - Entra\u00eeneur partie physique<\/span>\r\n                        <\/div>\r\n\r\n                    \r\n                    <div class=\"icons \">\r\n                                            <\/div>\r\n\r\n                    <div class=\"sc_team_member_overlay\"><\/div>\r\n\r\n                <\/div>\r\n\r\n            <\/div>\r\n\r\n            \r\n        \r\n                \r\n            <div itemscope itemtype=\"http:\/\/schema.org\/Person\" \r\n                 class=\"sc_team_member\" \r\n                 data-id=\"311\"\r\n                data-group=\"Assitants moniteur\">\r\n\r\n                <div class=\"sc_team_member_inner\">\r\n\r\n                    <img decoding=\"async\" src=\"https:\/\/www.tennisclubsaintpriest.fr\/tcsp\/wp-content\/plugins\/our-team-enhanced\/assets\/images\/default-avatar.png\" class=\"attachment-medium wp-post-image\" width=\"\" height=\"\" \/>\r\n                    \r\n                        <div itemprop=\"name\" class=\"sc_team_member_name\">\r\n\r\n                            \r\n                                <a href=\"https:\/\/www.tennisclubsaintpriest.fr\/tcsp\/team_member\/van-binh-do\/\" rel=\"bookmark\" class=\"team_member_link\">\r\n\r\n                                    Van Binh Do\r\n                                <\/a>\r\n\r\n                            \r\n                        <\/div>\r\n\r\n                    \r\n                    \r\n                        <div itemprop=\"jobtitle\" class=\"sc_team_member_jobtitle\">\r\n                            <span>Initiateur<\/span>\r\n                        <\/div>\r\n\r\n                    \r\n                    <div class=\"icons \">\r\n                                            <\/div>\r\n\r\n                    <div class=\"sc_team_member_overlay\"><\/div>\r\n\r\n                <\/div>\r\n\r\n            <\/div>\r\n\r\n            \r\n        \r\n                \r\n            <div itemscope itemtype=\"http:\/\/schema.org\/Person\" \r\n                 class=\"sc_team_member\" \r\n                 data-id=\"312\"\r\n                data-group=\"Assitants moniteur\">\r\n\r\n                <div class=\"sc_team_member_inner\">\r\n\r\n                    <img decoding=\"async\" src=\"https:\/\/www.tennisclubsaintpriest.fr\/tcsp\/wp-content\/plugins\/our-team-enhanced\/assets\/images\/default-avatar.png\" class=\"attachment-medium wp-post-image\" width=\"\" height=\"\" \/>\r\n                    \r\n                        <div itemprop=\"name\" class=\"sc_team_member_name\">\r\n\r\n                            \r\n                                <a href=\"https:\/\/www.tennisclubsaintpriest.fr\/tcsp\/team_member\/federic-gillet\/\" rel=\"bookmark\" class=\"team_member_link\">\r\n\r\n                                    F\u00e9d\u00e9ric Gillet\r\n                                <\/a>\r\n\r\n                            \r\n                        <\/div>\r\n\r\n                    \r\n                    \r\n                        <div itemprop=\"jobtitle\" class=\"sc_team_member_jobtitle\">\r\n                            <span>Initiateur<\/span>\r\n                        <\/div>\r\n\r\n                    \r\n                    <div class=\"icons \">\r\n                                            <\/div>\r\n\r\n                    <div class=\"sc_team_member_overlay\"><\/div>\r\n\r\n                <\/div>\r\n\r\n            <\/div>\r\n\r\n            \r\n        \r\n                \r\n            <div itemscope itemtype=\"http:\/\/schema.org\/Person\" \r\n                 class=\"sc_team_member\" \r\n                 data-id=\"313\"\r\n                data-group=\"Assitants moniteur\">\r\n\r\n                <div class=\"sc_team_member_inner\">\r\n\r\n                    <img decoding=\"async\" src=\"https:\/\/www.tennisclubsaintpriest.fr\/tcsp\/wp-content\/plugins\/our-team-enhanced\/assets\/images\/default-avatar.png\" class=\"attachment-medium wp-post-image\" width=\"\" height=\"\" \/>\r\n                    \r\n                        <div itemprop=\"name\" class=\"sc_team_member_name\">\r\n\r\n                            \r\n                                <a href=\"https:\/\/www.tennisclubsaintpriest.fr\/tcsp\/team_member\/alain-roux\/\" rel=\"bookmark\" class=\"team_member_link\">\r\n\r\n                                    Alain Roux\r\n                                <\/a>\r\n\r\n                            \r\n                        <\/div>\r\n\r\n                    \r\n                    \r\n                        <div itemprop=\"jobtitle\" class=\"sc_team_member_jobtitle\">\r\n                            <span>Initiateur<\/span>\r\n                        <\/div>\r\n\r\n                    \r\n                    <div class=\"icons \">\r\n                                            <\/div>\r\n\r\n                    <div class=\"sc_team_member_overlay\"><\/div>\r\n\r\n                <\/div>\r\n\r\n            <\/div>\r\n\r\n            \r\n        \r\n    \r\n    <div class=\"clear\"><\/div>\r\n\r\n<\/div>\r\n<\/div><\/p>\n","protected":false},"excerpt":{"rendered":"<p>Les Tennis Club de Saint-Priest d\u00e9ploie sa force d&rsquo;enseignement pour petits et grands. Pour les \u00e9l\u00e8ves de 4 \u00e0 99 ans nos enseignants dipl\u00f4m\u00e9s d&rsquo;\u00e9tat assurent l&rsquo;encadrement des cours dispens\u00e9s au club. Vous pourrez retrouver, dans le page \u00ab\u00a0Les tarifs\u00a0\u00bb, la formule qui vous conviens le mieux. Les cours adultes sont toujours encadr\u00e9s par un [&hellip;]<\/p>\n","protected":false},"author":1,"featured_media":0,"parent":115,"menu_order":0,"comment_status":"closed","ping_status":"closed","template":"template.page.fullwidth.accueil.php","meta":{"footnotes":""},"class_list":["post-253","page","type-page","status-publish","hentry"],"acf":[],"_links":{"self":[{"href":"https:\/\/www.tennisclubsaintpriest.fr\/tcsp\/wp-json\/wp\/v2\/pages\/253","targetHints":{"allow":["GET"]}}],"collection":[{"href":"https:\/\/www.tennisclubsaintpriest.fr\/tcsp\/wp-json\/wp\/v2\/pages"}],"about":[{"href":"https:\/\/www.tennisclubsaintpriest.fr\/tcsp\/wp-json\/wp\/v2\/types\/page"}],"author":[{"embeddable":true,"href":"https:\/\/www.tennisclubsaintpriest.fr\/tcsp\/wp-json\/wp\/v2\/users\/1"}],"replies":[{"embeddable":true,"href":"https:\/\/www.tennisclubsaintpriest.fr\/tcsp\/wp-json\/wp\/v2\/comments?post=253"}],"version-history":[{"count":23,"href":"https:\/\/www.tennisclubsaintpriest.fr\/tcsp\/wp-json\/wp\/v2\/pages\/253\/revisions"}],"predecessor-version":[{"id":2951,"href":"https:\/\/www.tennisclubsaintpriest.fr\/tcsp\/wp-json\/wp\/v2\/pages\/253\/revisions\/2951"}],"up":[{"embeddable":true,"href":"https:\/\/www.tennisclubsaintpriest.fr\/tcsp\/wp-json\/wp\/v2\/pages\/115"}],"wp:attachment":[{"href":"https:\/\/www.tennisclubsaintpriest.fr\/tcsp\/wp-json\/wp\/v2\/media?parent=253"}],"curies":[{"name":"wp","href":"https:\/\/api.w.org\/{rel}","templated":true}]}}