{"id":4029,"date":"2022-08-04T11:34:59","date_gmt":"2022-08-04T10:34:59","guid":{"rendered":"http:\/\/www.tennisclubsaintpriest.fr\/tcsp\/?page_id=4029"},"modified":"2022-09-22T19:04:18","modified_gmt":"2022-09-22T18:04:18","slug":"grand-prix-cngt-2023","status":"publish","type":"page","link":"https:\/\/www.tennisclubsaintpriest.fr\/tcsp\/grand-prix-cngt-2023\/","title":{"rendered":"Grand prix CNGT 2023"},"content":{"rendered":"\n\n\n<h2>Premier tournoi de la saison 2023, le Grand Prix CNGT de Saint-Priest se d\u00e9roulera du 29 ao\u00fbt au 02 octobre 2021<\/h2>\n<h3 style=\"text-align: center;\">Ouvert \u00e0 tout classement<\/h3>\n<h3 style=\"text-align: center;\"><span style=\"color: #ff0000;\"><a style=\"color: #ff0000;\" href=\"https:\/\/tenup.fft.fr\/tournoi\/82334948\" target=\"_blank\" rel=\"noopener\">Inscription sur TenUp<\/a><\/span><\/h3>\n<h2 style=\"text-align: center;\"><a href=\"https:\/\/www.tennisclubsaintpriest.fr\/tcsp\/resultats-tournoi-cngt-2023\/\" target=\"_blank\" rel=\"noopener\"><span style=\"color: #ff00ff;\">Tous les r\u00e9sultats 2023 <\/span><\/a><span style=\"color: #ff00ff;\">\u00a0\u00a0\u00a0\u00a0\u00a0\u00a0\u00a0\u00a0\u00a0\u00a0\u00a0\u00a0\u00a0\u00a0\u00a0\u00a0\u00a0\u00a0\u00a0 <a href=\"https:\/\/www.tennisclubsaintpriest.fr\/tcsp\/archives-du-tournoi-cngt\/\" target=\"_blank\" rel=\"noopener\"><span style=\"color: #ff00ff;\">Archives 2021 et 2022<\/span><\/a> \u00a0\u00a0\u00a0\u00a0\u00a0\u00a0\u00a0\u00a0\u00a0\u00a0\u00a0\u00a0 <\/span><\/h2>\n<h3 style=\"text-align: center;\"><a href=\"https:\/\/www.tennisclubsaintpriest.fr\/tcsp\/wp-content\/uploads\/2022\/09\/Programmation.pdf\" target=\"_blank\" rel=\"noopener\"><span style=\"color: #ff00ff;\">Programmation du jour<\/span><\/a><\/h3>\n<table style=\"width: 100%; border-collapse: collapse; background-color: #000000;\">\n<tbody>\n<tr>\n<td style=\"width: 64.6428%;\"><a href=\"https:\/\/www.tennisclubsaintpriest.fr\/tcsp\/wp-content\/uploads\/2022\/08\/affiche_2023-1.jpg\"><img loading=\"lazy\" decoding=\"async\" class=\"alignnone  wp-image-4042\" src=\"https:\/\/www.tennisclubsaintpriest.fr\/tcsp\/wp-content\/uploads\/2022\/08\/affiche_2023-1-212x300.jpg\" alt=\"\" width=\"569\" height=\"805\" srcset=\"https:\/\/www.tennisclubsaintpriest.fr\/tcsp\/wp-content\/uploads\/2022\/08\/affiche_2023-1-212x300.jpg 212w, https:\/\/www.tennisclubsaintpriest.fr\/tcsp\/wp-content\/uploads\/2022\/08\/affiche_2023-1-724x1024.jpg 724w, https:\/\/www.tennisclubsaintpriest.fr\/tcsp\/wp-content\/uploads\/2022\/08\/affiche_2023-1-768x1086.jpg 768w, https:\/\/www.tennisclubsaintpriest.fr\/tcsp\/wp-content\/uploads\/2022\/08\/affiche_2023-1-1086x1536.jpg 1086w, https:\/\/www.tennisclubsaintpriest.fr\/tcsp\/wp-content\/uploads\/2022\/08\/affiche_2023-1-1448x2048.jpg 1448w, https:\/\/www.tennisclubsaintpriest.fr\/tcsp\/wp-content\/uploads\/2022\/08\/affiche_2023-1.jpg 1754w\" sizes=\"auto, (max-width: 569px) 100vw, 569px\" \/><\/a><\/td>\n<td style=\"width: 35.3572%; background-color: #f2972e;\">\n<div>\u00a0<\/div>\n<div><span style=\"color: #333300;\"><strong>Nous sommes impatients de vous accueillir \u00e0 nouveau sur nos terrains, et pour le coup \u00e0 boire d&rsquo;apr\u00e8s match !<\/strong><strong>\u00a0<\/strong><\/span><\/div>\n<div>\u00a0<\/div>\n<div><span style=\"color: #333300;\"><strong>Comme toujours, de multiples \u00e9preuves vous attendent !<\/strong><\/span><\/div>\n<div>\u00a0<\/div>\n<div><span style=\"color: #333300;\"><strong>Simples \u00ab\u00a0toutes cat\u00e9gories\u00a0\u00bb :\u00a0<\/strong><\/span><\/div>\n<ul>\n<li><span style=\"color: #333300;\"><strong>Dames<\/strong><\/span><\/li>\n<li><span style=\"color: #333300;\"><strong>Messieurs<\/strong><\/span><\/li>\n<\/ul>\n<div>\u00a0<\/div>\n<div><span style=\"color: #333300;\"><strong>Simples \u00ab\u00a0V\u00e9t\u00e9rans\u00a0\u00bb :<\/strong><\/span><\/div>\n<ul>\n<li><span style=\"color: #333300;\"><strong>Dames +35 ans<\/strong><\/span><\/li>\n<li><span style=\"color: #333300;\"><strong>Messieurs +35 ans<\/strong><\/span><\/li>\n<li><span style=\"color: #333300;\"><strong>Messieurs +45 ans<\/strong><\/span><\/li>\n<li><span style=\"color: #333300;\"><strong>Messieurs +55 ans<\/strong><\/span><\/li>\n<li><span style=\"color: #333300;\"><strong>Messieurs +65 ans<\/strong><\/span><\/li>\n<\/ul>\n<\/td>\n<\/tr>\n<\/tbody>\n<\/table>\n<h2><a href=\"https:\/\/2pep5.r.ag.d.sendibm3.com\/mk\/mr\/BZRemIXBwgS10dOheaX5wg592f0LOwllXX5q0lGZ65C2yJooPwEc0-I234-w5ierrB-4ZVPubiOPjU0P0w-k5K_1xoN5yOaQy7BYqI2iktCcJUDj\">Passe sanitaire<\/a><\/h2>\n<h2>Le tournoi masculin est class\u00e9 une \u00e9toile.<\/h2>\n<h2><span style=\"color: #ff0000;\">Le tournoi f\u00e9minin est class\u00e9 3 \u00e9toiles.<\/span><\/h2>\n<h3 style=\"text-align: center;\">Dotations (en \u20ac)<\/h3>\n<table style=\"width: 100.592%;\" border=\"1\">\n<tbody>\n<tr>\n<td style=\"width: 24.1667%;\">\u00a0<\/td>\n<td style=\"width: 36.0714%;\">Montant tournoi f\u00e9minin<\/td>\n<td style=\"width: 39.7169%;\">Montant tournoi masculin<\/td>\n<\/tr>\n<tr>\n<td style=\"width: 24.1667%;\">1\/8 de finalistes<\/td>\n<td style=\"text-align: center; width: 36.0714%;\">190<\/td>\n<td style=\"text-align: center; width: 39.7169%;\">120<\/td>\n<\/tr>\n<tr>\n<td style=\"width: 24.1667%;\">1\/4 de finalistes<\/td>\n<td style=\"text-align: center; width: 36.0714%;\">320<\/td>\n<td style=\"text-align: center; width: 39.7169%;\">200<\/td>\n<\/tr>\n<tr>\n<td style=\"width: 24.1667%;\">Demi-finalistes<\/td>\n<td style=\"text-align: center; width: 36.0714%;\">550<\/td>\n<td style=\"text-align: center; width: 39.7169%;\">350<\/td>\n<\/tr>\n<tr>\n<td style=\"width: 24.1667%;\">Finaliste<\/td>\n<td style=\"text-align: center; width: 36.0714%;\">900<\/td>\n<td style=\"text-align: center; width: 39.7169%;\">640<\/td>\n<\/tr>\n<tr>\n<td style=\"width: 24.1667%;\">Vainqueur<\/td>\n<td style=\"text-align: center; width: 36.0714%;\">1500<\/td>\n<td style=\"text-align: center; width: 39.7169%;\">1000<\/td>\n<\/tr>\n<\/tbody>\n<\/table>\n<p>Planning pr\u00e9visionnel par classement<\/p>\n<p><a href=\"https:\/\/www.tennisclubsaintpriest.fr\/tcsp\/wp-content\/uploads\/2022\/08\/prevision_2023.jpg\"><img loading=\"lazy\" decoding=\"async\" class=\"alignnone  wp-image-4030\" src=\"https:\/\/www.tennisclubsaintpriest.fr\/tcsp\/wp-content\/uploads\/2022\/08\/prevision_2023-300x67.jpg\" alt=\"\" width=\"837\" height=\"187\" srcset=\"https:\/\/www.tennisclubsaintpriest.fr\/tcsp\/wp-content\/uploads\/2022\/08\/prevision_2023-300x67.jpg 300w, https:\/\/www.tennisclubsaintpriest.fr\/tcsp\/wp-content\/uploads\/2022\/08\/prevision_2023-1024x228.jpg 1024w, https:\/\/www.tennisclubsaintpriest.fr\/tcsp\/wp-content\/uploads\/2022\/08\/prevision_2023-768x171.jpg 768w, https:\/\/www.tennisclubsaintpriest.fr\/tcsp\/wp-content\/uploads\/2022\/08\/prevision_2023-1536x342.jpg 1536w, https:\/\/www.tennisclubsaintpriest.fr\/tcsp\/wp-content\/uploads\/2022\/08\/prevision_2023.jpg 1577w\" sizes=\"auto, (max-width: 837px) 100vw, 837px\" \/><\/a><\/p>\n<h4 style=\"text-align: center;\">Gestion de vos (in)disponibilit\u00e9s<\/h4>\n<pre>Pour peu que vous les ayez signal\u00e9es (<em>notre Juge-Arbitre n'ayant pas de boule de cristal !<\/em>) nous vous garantissons de respecter vos disponibilit\u00e9s au minimum sur vos deux premiers tours.<br \/><br \/>Sur <strong>Ten'Up<\/strong>, lors de votre inscription, <strong>notez donc scrupuleusement vos (in)disponibilit\u00e9s<\/strong>.<br \/><br \/><\/pre>\n<h3 style=\"text-align: center;\"><span style=\"color: #ff0000;\"><a style=\"color: #ff0000;\" href=\"https:\/\/tenup.fft.fr\/tournoi\/82334948\" target=\"_blank\" rel=\"noopener\">I<\/a>nscription sur TenUp<\/span><\/h3>\n","protected":false},"excerpt":{"rendered":"<p>Premier tournoi de la saison 2023, le Grand Prix CNGT de Saint-Priest se d\u00e9roulera du 29 ao\u00fbt au 02 octobre 2021 Ouvert \u00e0 tout classement Inscription sur TenUp Tous les r\u00e9sultats 2023 \u00a0\u00a0\u00a0\u00a0\u00a0\u00a0\u00a0\u00a0\u00a0\u00a0\u00a0\u00a0\u00a0\u00a0\u00a0\u00a0\u00a0\u00a0\u00a0 Archives 2021 et 2022 \u00a0\u00a0\u00a0\u00a0\u00a0\u00a0\u00a0\u00a0\u00a0\u00a0\u00a0\u00a0 Programmation du jour \u00a0 Nous sommes impatients de vous accueillir \u00e0 nouveau sur nos terrains, et pour [&hellip;]<\/p>\n","protected":false},"author":10,"featured_media":0,"parent":0,"menu_order":0,"comment_status":"closed","ping_status":"closed","template":"","meta":{"footnotes":""},"class_list":["post-4029","page","type-page","status-publish","hentry"],"acf":[],"_links":{"self":[{"href":"https:\/\/www.tennisclubsaintpriest.fr\/tcsp\/wp-json\/wp\/v2\/pages\/4029","targetHints":{"allow":["GET"]}}],"collection":[{"href":"https:\/\/www.tennisclubsaintpriest.fr\/tcsp\/wp-json\/wp\/v2\/pages"}],"about":[{"href":"https:\/\/www.tennisclubsaintpriest.fr\/tcsp\/wp-json\/wp\/v2\/types\/page"}],"author":[{"embeddable":true,"href":"https:\/\/www.tennisclubsaintpriest.fr\/tcsp\/wp-json\/wp\/v2\/users\/10"}],"replies":[{"embeddable":true,"href":"https:\/\/www.tennisclubsaintpriest.fr\/tcsp\/wp-json\/wp\/v2\/comments?post=4029"}],"version-history":[{"count":9,"href":"https:\/\/www.tennisclubsaintpriest.fr\/tcsp\/wp-json\/wp\/v2\/pages\/4029\/revisions"}],"predecessor-version":[{"id":4118,"href":"https:\/\/www.tennisclubsaintpriest.fr\/tcsp\/wp-json\/wp\/v2\/pages\/4029\/revisions\/4118"}],"wp:attachment":[{"href":"https:\/\/www.tennisclubsaintpriest.fr\/tcsp\/wp-json\/wp\/v2\/media?parent=4029"}],"curies":[{"name":"wp","href":"https:\/\/api.w.org\/{rel}","templated":true}]}}